
-46
Let f(z) = -4*z + 58. Calculate f(0).
58
Let f(r) = -r**3 - 10*r**2 + 10*r - 2. What is f(-11)?
9
Let x(o) = -o**3 - 7*o**2 - 3*o - 85. Calculate x(-8).
3
Let b(t) = -4*t**2 + 3*t - 1. Determine b(-3).
-46
Let a(j) = -2*j**3 - 2*j**2 + j + 1. Calculate a(-2).
7
Let l(u) = u + 39. Calculate l(1).
40
Let i(h) = h**2 + 26*h + 101. Calculate i(-21).
-4
Let p(n) = n**2 + 17*n + 71. Calculate p(-8).
-1
Let g(p) = p**2 + 9*p - 106. Determine g(-15).
-16
Let z(t) = t**2 + 3*t + 8. Determine z(-4).
12
Let t(y) = -y**3 + 15*y**2 - 15*y + 17. Give t(14).
3
Let g(k) = 3*k + 9. Give g(7).
30
Let a(i) = 2*i - 8. Give a(5).
2
Let i(f) = f**2 - 12*f + 30. What is i(7)?
-5
Let f(x) = 2*x**2 + 22*x + 13. What is f(-11)?
13
Let t(i) = 32*i - 9. Determine t(3).
87
Let l(v) = 6*v - 5. What is l(2)?
7
Let f(a) = a**3. Determine f(-1).
-1
Let u(g) = -g - 14. Determine u(-5).
-9
Let g(i) = i**3 - 2*i**2 - 3*i + 2. Calculate g(3).
2
Let y(v) = -3*v - 43. What is y(-9)?
-16
Let t(i) = i**3 + 4*i**2 - 3*i + 11. What is t(-5)?
1
Let i(k) = 5*k**2 + k. Calculate i(-2).
18
Let q(k) = -k**2 - 2*k + 17. Determine q(-7).
-18
Let o(q) = -35*q + 45. Calculate o(4).
-95
Let b(g) = -g**2 + 10*g - 6. Give b(8).
10
Let g(v) = 7*v + 17. Calculate g(3).
38
Let r(v) = v**3 + 3*v**2 - 2*v - 4. Calculate r(-3).
2
Let a(j) = 2*j**2 + 8*j - 37. Calculate a(3).
5
Let r(q) = 3*q - 10. Calculate r(19).
47
Let n(h) = 2*h**3 - 25*h**2 + 10*h + 29. Give n(12).
5
Let j(y) = y**2 - 6*y - 44. Give j(10).
-4
Let o(r) = -2*r**3 + 3*r**2 - 6*r + 2. Give o(2).
-14
Let d(w) = 2*w**2 - 6*w + 2. Determine d(4).
10
Let w(g) = g**3 - 4*g**2 - 2*g - 4. Give w(5).
11
Let l(d) = -d**3 + 9*d**2 - 15*d + 9. What is l(7)?
2
Let n(l) = -l**3 - 19*l**2 + 22*l + 35. Determine n(-20).
-5
Let t(u) = 14*u - 33. Calculate t(6).
51
Let t(i) = -i**3 - 18*i**2 + 20*i + 24. What is t(-19)?
5
Let q(j) = -9*j + 30. Calculate q(-10).
120
Let g(o) = 15*o - 58. What is g(5)?
17
Let n(k) = -k**3 + 10*k**2 + 42*k - 32. Give n(13).
7
Let l(d) = 5*d**3 - d**2 + 4*d - 2. Determine l(1).
6
Let r(a) = -13*a + 611. Calculate r(47).
0
Let p(i) = -i**2 - 7*i + 15. What is p(-9)?
-3
Let k(w) = 2*w**2 - 3*w + 4. Give k(-3).
31
Let f(d) = -9*d + 12. Determine f(10).
-78
Let p(f) = f**3 + 8*f**2 + 9. Give p(-7).
58
Let d(x) = x**3 - 4*x**2 - 15*x + 12. What is d(6)?
-6
Let n(m) = -17*m + 29. Give n(4).
-39
Let y(o) = o**2 - 19*o + 38. What is y(5)?
-32
Let v(g) = 2*g**2 - 26*g + 15. Calculate v(12).
-9
Let s(q) = 4*q + 19. Calculate s(-6).
-5
Let p(u) = 18*u - 2. Give p(-1).
-20
Let h(g) = 5*g - 36. Give h(6).
-6
Let p(x) = -3*x + 19. Calculate p(8).
-5
Let v(r) = -11*r + 4. Give v(3).
-29
Let j(l) = l**3 + 10*l**2 + 13*l - 19. Determine j(-7).
37
Let s(y) = -y**3 - 27*y**2 + 28*y + 9. Calculate s(-28).
9
Let u(v) = -v**2 - 28*v - 48. Determine u(-25).
27
Let l(a) = -10*a + 2. Calculate l(-2).
22
Let z(s) = -7*s**2 + 4. Give z(2).
-24
Let z(s) = -s**3 + 3*s**2 + s + 11. Determine z(4).
-1
Let h(c) = -c**2 - 2*c. Determine h(-2).
0
Let y(l) = -l**2 - 12*l - 13. Calculate y(-9).
14
Let q(p) = 3*p**2 - 11*p - 7. Give q(5).
13
Let s(q) = -q**3 + 22*q**2 - 20*q - 13. Give s(21).
8
Let s(f) = f**2 - 12*f + 3. Give s(7).
-32
Let j(y) = 16*y - 83. Determine j(9).
61
Let k(n) = n**2 - 34*n + 33. Determine k(33).
0
Let g(t) = 4*t**3 + 2*t**2 - 3*t + 2. Determine g(2).
36
Let t(d) = -3*d**2 + 19*d - 7. What is t(7)?
-21
Let b(h) = h. Determine b(6).
6
Let x(t) = -t + 26. Give x(20).
6
Let f(d) = -4*d + 22. Give f(13).
-30
Let t(i) = -5*i - 19. Determine t(-6).
11
Let x(t) = 27*t**2 + 272*t + 23. Calculate x(-10).
3
Let m(q) = -2*q - 30. Give m(-12).
-6
Let y(m) = -2*m - 1. Determine y(6).
-13
Let r(o) = 2*o - 14. Determine r(9).
4
Let m(c) = c**2 + 17*c - 38. What is m(2)?
0
Let r(w) = 3*w**3 + 3*w + 1. Calculate r(-2).
-29
Let h(j) = -j**3 + 6*j**2 + 5*j + 2. What is h(6)?
32
Let q(s) = -s**3 + 19*s**2 + 41*s + 14. What is q(21)?
-7
Let c(o) = -2*o**2 - 5*o + 24. Calculate c(-5).
-1
Let l(g) = -g**3 + 5*g**2 - 12. Give l(5).
-12
Let m(h) = -h**3 + 6*h**2 + 4*h - 4. What is m(6)?
20
Let p(j) = -j - 18. Give p(-11).
-7
Let o(f) = f**2 + 22*f - 105. Determine o(4).
-1
Let q(j) = j**2 - 17*j + 27. Give q(14).
-15
Let p(i) = -i**3 - 32*i**2 + 33*i + 12. Calculate p(-33).
12
Let a(n) = -n**3 + 15*n**2 + n - 10. Give a(15).
5
Let q(k) = k**2 + 3*k - 28. Determine q(-14).
126
Let n(y) = 3*y. What is n(1)?
3
Let q(t) = 8*t**2. What is q(-1)?
8
Let l(h) = h**3 - 15*h**2 + 27*h - 12. Give l(13).
1
Let f(v) = 4*v + 3. Determine f(-3).
-9
Let v(d) = d**3 - 7*d**2 - 24*d + 56. Give v(9).
2
Let h(s) = 4*s**3 - 22*s**2 + 17*s - 35. Give h(5).
0
Let j(k) = 5*k - 8. Calculate j(18).
82
Let k(b) = -b**3 + 15*b**2 - 15*b - 24. What is k(14)?
-38
Let q(z) = z**2 + 4*z - 42. Calculate q(5).
3
Let y(b) = -b**3 - 10*b**2 - 9*b - 6. Give y(-9).
-6
Let j(i) = 2*i**2 + 25*i - 24. Calculate j(-15).
51
Let v(g) = -g**3 + 9*g**2 - 10*g + 16. Calculate v(8).
0
Let l(z) = 29*z + 22. Calculate l(-2).
-36
Let k(j) = j**2 - 18*j - 97. Determine k(22).
-9
Let a(l) = l**3 + l**2 - 69*l + 15. Determine a(-9).
-12
Let c(z) = z**3 + 5*z**2 + 6*z + 1. What is c(-3)?
1
Let x(b) = -15*b**2 - 344*b + 22. Calculate x(-23).
-1
Let s(c) = -2*c**2 - 21*c + 71. Give s(-13).
6
Let h(q) = q**2 - 6*q + 4. Determine h(6).
4
Let n(l) = l**3 + 58*l**2 - 56*l + 165. Give n(-59).
-12
Let h(k) = k**3 - 8*k**2 + 7*k + 7. Give h(6).
-23
Let z(x) = -x**2 - 10*x - 30. Calculate z(-6).
-6
Let q(t) = -2*t**3 + 5*t**2 - 3*t - 4. What is q(3)?
-22
Let h(v) = v**2 - 25*v + 110. Calculate h(20).
10
Let c(b) = b**3 - 2*b**2 + b - 7. Calculate c(0).
-7
Let q(c) = -c**3 + 7*c**2 - 7*c - 7. Calculate q(6).
-13
Let r(m) = -m**3 - 10*m**2 - 9*m - 5. Determine r(-9).
-5
Let w(f) = f - 19. Give w(10).
-9
Let j(s) = -3*s - 4. What is j(2)?
-10
Let o(y) = -y**2 + 20*y - 31. Determine o(18).
5
Let g(w) = w**2 - 5*w - 16. Determine g(-6).
50
Let z(t) = 3*t + 8. What is z(-4)?
-4
Let c(a) = -7*a + 42. Calculate c(13).
-49
Let v(g) = g**3 + g**2 - 3*g - 2. Determine v(-2).
0
Let d(u) = 68*u + 470. Calculate d(-7).
-6
Let y(x) = -x**3 + 2*x**2 - x - 6. Give y(4).
-42
Let p(b) = -b**3 + 6*b**2 - 9*b + 5. Calculate p(5).
-15
Let c(r) = -3*r**3 - 3*r**2 - 5. What is c(-2)?
7
Let y(m) = 2*m + 2. Determine y(-9).
-16
Let z(p) = 17*p. Give z(-5).
-85
Let g(y) = y**3 + y**2 - 6*y + 8. Determine g(2).
8
Let l(p) = -2*p**2 + 6*p + 60. Calculate l(7).
4
Let q(l) = l + 8. Give q(-4).
4
Let q(t) = t**3 + 6*t**2 - 10*t + 35. What is q(-8)?
-13
Let x(b) = b**2 + 3*b - 8. Calculate x(-6).
10
Let x(c) = c**3 + 6*c**2 - 58*c - 269. Determine x(-4).
-5
Let q(g) = -2*g**2 - 16*g + 22. Calculate q(-12).
-74
Let q(x) = 9*x - 38. Give q(9).
43
Let f(o) = o**3 + 15*o**2 + 8*o + 21. Determine f(-15).
-99
Let n(v) = 2*v**2 + 5*v - 2. What is n(0)?
-2
Let u(s) = s**3 + 23*s**2 - 26*s - 64. Give u(-24).
-16
Let y(c) = -4*c**2 - 5*c - 4. What is y(-2)?
-10
Let j(t) = t**3 - 7*t**2 + 5*t - 9. Calculate j(4).
-37
Let z(l) = 3*l - 45. Calculate z(16).
3
Let f(o) = -o**3 - 5*o**2 + 12*o + 14. Give f(-7).
28
Let z(t) = -4*t**2 + 5*t + 5. Calculate z(-2).
-21
Let o(j) = 3*j**2 + 160*j + 53. Give o(-53).
0
Let r(a) = -a**3 + a**2 - 2. Give r(2).
-6
Let o(d) = -d**3 + 6*d**2 + 6. Give o(6).
6
Let i(n) = -n**3 + 15*n**2 - 10*n - 28. Determine i(14).
28
Let s(i) = i**2 - 10*i + 22. Determine s(8).
6
Let r(z) = -19*z**2 - 9*z - 11. What is r(-2)?
-69
Let o(v) = v**3 - 16*v**2 + 15*v - 3. Determine o(15).
-3
Let k(d) = d**2 - 23*d - 75. What is k(26)?
3
Let h(t) = 8*t**3 + 2*t**2 - 4*t + 7. Give h(-3).
-179
Let b(y) = -y**3 + 10*y**2 - 7*y - 1. What is b(9)?
17
Let v(p) = -p**2 + 2*p - 8. Give v(-9).
-107
Let r(o) = -o**2 + 6*o - 2. Give r(7).
-9
Let q(u) = u**3 + 9*u**2 - 8. What is q(-9)?
-8
Let r(s) = -2*s**2 + 24*s - 22. Determine r(12).
-22
Let k(a) = a**2 - 20*a - 61. Calculate k(24).
35
Let f(n) = -n**3 - 8*n**2 - 5*n - 23. Give f(-7).
-37
Let s(o) = -o**2 - 16*o - 34. Determine s(-14).
-6
Let m(i) = -39*i + 46. What is m(1)?
7
Let p(z) = -z**2 + 15*z - 40. Calculate p(7).
16
Let z(a) = -4*a + 17. What is z(12)?
-31
Let f(u) = u**2 - 5*u - 5. Calculate f(6).
1
Let o(x) = 23*x**3 + x**2. What is o(-1)?
-22
Let r(k) = -k**3 + 7*k**2 - 13*k + 30. Determine r